+ 3*w**4/8 - 2*w**3/3 - 3836*w**2. Let s(p) = 9*p**2 - 1. Let k be s(1). Give q(k).
4
Suppose 1 = -5*x + 66. Suppose x*z - 25 = 1. Let b(n) = 3*n. Calculate b(z).
6
Let q = 73 - 37. Let v be (-28)/q - 6/27. Let p(c) = c + 1. Let r(l) = l**2 + 10*l + 5. Let m(f) = v*r(f) + 6*p(f). Calculate m(-4).
1
Let t = -34 - -36. Suppose -u - t*v = 7, 3*u - 16 = -u + 3*v. Let o(a) = 15*a**2 + 1. Calculate o(u).
16
Let v(i) = 2*i**3 - 13*i**2 - 3*i**3 + 32*i - 9 - 45*i. Let o be v(-12). Let a(s) = -s + 3 - o - s. Calculate a(2).
-4
Suppose 6 = 5*x - 2*x. Let o(c) = -3*c**3 - 9*c**x - 3*c + 4*c**3 - 11 + 11*c. Give o(8).
-11
Let y(x) = -x - 2. Let v(d) = -1. Let t(l) = 13*l**2 - 3. Let o(m) = t(m) - 2*v(m). Let b be o(-1). Suppose -3*s - b = 5*f, 2*f + 1 = -2*s - 3. Calculate y(f).
1
Let b(p) be the third derivative of -p**6/120 + 7*p**5/60 + p**4/12 - 3*p**3/2 + 33*p**2 + 3*p. Determine b(7).
5
Let o(l) = -1768*l - 1766*l - 8 + 5288*l - 1768*l. What is o(5)?
-78
Let u(q) be the third derivative of -q**4/24 - 5*q**3/6 - 2*q**2. Suppose -24 = 2*j + 4*h, 5*j - h + 11 = -16. What is u(j)?
1
Let f(z) be the second derivative of 0*z**3 - 1/12*z**4 + 0 - 9*z - 1/20*z**5 - 4*z**2. Give f(0).
-8
Let y be (-2)/(-13) + (-4)/26. Suppose -3*k = 4*p - 3*p + 12, 3*k - 3*p = y. Let s(n) = 4*n**2 - 5*n**2 + 288*n + 5*n**2 + 1 + n**3 - 285*n. What is s(k)?
1
Let a(t) = -48 - t**3 + 97 - 46 + 7*t**2 + 5*t - 11*t. Determine a(5).
23
Let r be (1 + -4)*(-2)/6. Let t(o) = -3*o**2 - 13*o + 11. Let k(u) = -50 - 51 + 107 - 7*u - u**2. Let i(j) = 11*k(j) - 6*t(j). Calculate i(r).
8
Suppose -4*z - 5 + 13 = 0. Suppose 12 = 5*t - z*t. Let w(u) = -u**2 + u + 5. Determine w(t).
-7
Suppose 4*g = -4*n + 36, 0 = 4*n - 4*g - 32 - 28. Let p(h) = n*h + 17*h**2 + 5*h + 1 - 18*h. Give p(1).
17
Let i(j) = 3*j + 1. Suppose 0 = o + 3*y + 5 + 7, o + 7 = -2*y. Suppose 0*b - o*b = -48. Suppose 3*t - 11 = 5*z, -3*t - b = z + t. What is i(z)?
-11
Suppose d - n + 0*n - 1 = 0, 5*n + 3 = 3*d. Let r = d - 3. Let v(w) be the second derivative of -w**3/3 - w**2/2 + 52*w - 1. Give v(r).
3
Let d be ((-75)/(-60))/(25/16)*-5. Let y be 2/(4/2 - 1). Let a(z) = z**2 - y*z + 1 - z - 2*z**2. Calculate a(d).
-3
Let w(s) = 0*s + s**2 + 18*s + 497 - 6*s - 482. What is w(-10)?
-5
Let s(g) = -g + 11. Let d be s(6). Let l(r) be the first derivative of 1/4*r**4 - 4/3*r**3 + 5 - 3*r**2 + 3*r. What is l(d)?
-2
Let m(s) = -20 + 33 - 13 - s. Let y be -1 - -9 - (3 - -1). Suppose 0 = 5*i - 4*j - y, -2*i = 8*j - 3*j + 5. Give m(i).
0
Let s(m) = -9*m**2 + 15*m**2 + 102 - 103. Give s(1).
5
Let y(z) = -z + 2. Let m be y(5). Let v(g) = -15*g**2 - 4*g + 2. Let u(p) = -41*p**2 - 12*p + 5. Let c(q) = -3*u(q) + 8*v(q). Calculate c(m).
16
Let x(t) = 7*t**3 - t**2 - t. Let v(p) = -p**2 + 3*p - 2. Let u be v(2). Suppose -q - 3*q - 8 = u. Let o = -3 - q. Calculate x(o).
-7
Suppose 3*o = 4*t + 135, -4*t + 0*o + 2*o = 130. Let h be 1/(3 + t/9). Let y(z) = -5*z**2 + 4*z - 4*z - z**3 + 2 - 2*z. What is y(h)?
-10
Let m be 11/(-3) - (51/(-9) - -5). Let f(s) be the second derivative of s**5/20 + s**4/6 - s**3/6 + 3*s. Calculate f(m).
-6
Let j(k) = -2. Let f(q) = -q**2 + 2*q + 5. Let c(l) = -f(l) - 2*j(l). Calculate c(2).
-1
Let w(z) = -z**2 + 12*z - 10. Let j be w(10). Let t(y) = j - y + 5 + 2*y**2 - y**3 - 14. Suppose b = -4*v + 21, 3*v = -0*b - 4*b + 19. Calculate t(b).
1
Let r(z) be the first derivative of z**4/4 + 8*z**3/3 + 9*z**2/2 + 10*z - 136. Let x = -7 + 0. What is r(x)?
-4
Let k(j) = 1 - 8 - 3 - 5*j + 9*j. Determine k(4).
6
Suppose -18 = -m - y - 4*y, 0 = -2*m - 2*y + 12. Let o(a) = -4*a**3 - 13 - a**2 + 4*a**3 - a**m + 15. Give o(0).
2
Let b(f) = -f**3 - 2*f**2 - 1. Let r(k) = k. Let v(w) = b(w) - 3*r(w). Suppose 57 = -26*z + 5. Calculate v(z).
5
Let b(m) = 2*m - 8. Let h be b(6). Let x = 38 + -32. Let c(q) = 3*q + x - q + 4*q - h*q. Calculate c(-4).
-2
Suppose -3*a + 29*j - 26*j = 48, -5*a - 50 = 5*j. Let i(u) = u**3 + 14*u**2 + 14*u + 15. What is i(a)?
2
Let u(k) be the second derivative of -k**5/20 - k**4/6 + k**3/2 - 4*k + 46. Let s = 1 + 2. Let t be (-1 - -2 - 2)*s. Give u(t).
0
Let g(u) = 10*u**2 - u - 27. Let o(b) = -7*b**2 + b + 26. Let h(z) = -2*g(z) - 3*o(z). What is h(7)?
18
Let k(p) = p**3 + 6*p**2 - 5*p + 10. Let b = 208 + -215. Determine k(b).
-4
Let v(a) = -13*a - 9*a**2 - 8*a**3 - 778 + 787 + 7*a**3. What is v(-7)?
2
Let u(n) = 2*n**2 + 16*n - 26. Let l be u(-9). Let h(s) = s**3 + 10*s**2 + 11*s - 5. Determine h(l).
35
Let q(g) = -2*g + 6. Let i(r) = 45 - 44 + 0*r - r. Let c = -4 - -5. Let j(y) = c*q(y) - 5*i(y). Determine j(3).
10
Suppose 15*r + 52 = 2*r. Let a(w) = 2*w - 1. Give a(r).
-9
Let v be (3 + (-332)/8)*-2. Let y = 49 - v. Let h be 4/(-6) - y/(-12). Let i(k) = -k**3 - 3*k**2 - k - 1. Give i(h).
2
Let o(r) = -r + 32. Let j be o(5). Let z(g) = -26*g**3 - 6 + 3 + j*g**3 + 2*g. What is z(2)?
9
Let p(y) be the first derivative of -2*y**3 + 1/4*y**4 + 0*y**2 - 37 + 2*y. What is p(6)?
2
Let p(h) = 11*h**3 + 2*h**2 + 2*h + 4. Let c(b) = -3*b**3 - b - 1. Let l(f) = 3*c(f) + p(f). Determine l(2).
23
Let a(n) = -2*n + 5. Suppose -2*h = 4*h + 108. Let q be (-1 - (5 + 0))*-4. Let r = h + q. Determine a(r).
-7
Suppose 0 = -2*u + 2*a - 1 - 11, u + a + 2 = 0. Let g(q) be the first derivative of -q**2 + 1563. Determine g(u).
8
Suppose -74 - 14 = -44*h. Suppose 0*n - 3*n = -78. Suppose 0*j = -5*j + 2*s + n, -j + h*s = -10. Let g(x) = -x**2 + 4*x + 5. Give g(j).
5
Suppose 16 = -29*p + 25*p. Let i(w) = -w**2 - w + 1. Let v(l) = 3*l. Let f(o) = -2*i(o) + v(o). What is f(p)?
10
Suppose o + 3*o = -5*k + 13, -30 = -3*k + 5*o. Let v(b) be the first derivative of -5 - 5*b + 1/2*b**2. Give v(k).
0
Let i(h) = -6*h**3 - h**2 + 2*h - 14*h**3 + 3 - 2*h - 2 - h. What is i(1)?
-21
Let a(r) be the third derivative of 0*r + 1/120*r**6 + 7/24*r**4 + 2/15*r**5 + 0 - r**3 + 10*r**2. Calculate a(-7).
-6
Let p(l) = -2*l**3 + l**3 + 3*l**2 - 4*l**2 + 8. Suppose -25 = 3*k - 5*a, -3*a + 1 + 14 = -2*k. Give p(k).
8
Let l be (-7)/((-105)/(-10)) - (-14)/3. Suppose 0*i = -l*i + 5*n + 28, -22 = -3*i + 4*n. Let d(q) = q**2 - 2*q - 1. What is d(i)?
-1
Let x(r) = r + 9. Let j(t) = -t**2 - 3*t + 30. Let f be j(-6). Calculate x(f).
21
Suppose -3*o + 9 = -0*o. Let u = -5 - -10. Suppose -q - u*s + 8 = -3*q, o*q + s - 22 = 0. Let c(h) = h**3 - 7*h**2 + 4*h + 1. What is c(q)?
-11
Let t(o) = 3*o + 2. Let f(d) = 13*d + 9. Let x(y) = 2*f(y) - 9*t(y). What is x(-1)?
1
Let p(d) = 2*d**2 + 20*d. Let n be p(-10). Let a(q) = -3*q**2 - 3*q + 2*q**2 - 3 + n - 2*q. Let x = 5 - 8. What is a(x)?
3
Let f(a) = 10 + 0 - a**2 - 1409*a + 1416*a. Determine f(8).
2
Let s = 35 + -38. Let m be 3 - 3/3*s. Let g(l) = -l**3 + 2*l**2 - m - 3*l + 4*l + 6*l. Give g(4).
-10
Let z(m) = m**3 - 2*m**2 + m - 1. Let a = -469 - -471. Determine z(a).
1
Let l = 298 + -295. Let m(c) = c - 12. Determine m(l).
-9
Let g(n) = -n**2 - 9*n - 11. Let q be 2/(-14) + 4278/(-483). What is g(q)?
-11
Let h(m) = -2*m - 28. Let r be 1/(-2)*(68 - 42). What is h(r)?
-2
Let r(j) = j**2 - 13*j - 32. Let c be r(16). Let k(l) = l - 9. Determine k(c).
7
Let m(a) = 5*a + 3 - 6*a + 5 - 2. Give m(3).
3
Let s(d) = 3*d**2 - 30*d - 37. Let g(r) = -5*r**2 + 45*r + 57. Let m(a) = -5*g(a) - 8*s(a). Calculate m(-14).
-3
Let f(q) = -7*q**2 - 3*q**2 - 4*q**2 + q**3 - 7*q**2 + 25*q**2. What is f(-3)?
9
Let k(p) = p**2 - 3*p + 2. Suppose 3*j + 0*j = -5*i - 62, -77 = 3*j + 2*i. Let r = -21 - j. Let q = r - 5. Give k(q).
2
Let d(r) be the first derivative of r**4/12 + r**3/6 + 3*r**2/2 + 7*r - 4. Let j(w) be the first derivative of d(w). What is j(0)?
3
Let d(g) = -7*g**2 - 9*g - 6. Let p(q) = 5*q**2 + 8*q + 6. Let c(f) = 2*d(f) + 3*p(f). Let h = -7 - -1. What is c(h)?
6
Let o(j) = j - 5. Let h(q) = -q**3 + 14*q**2 + 5*q. Let v be h(14). Suppose -8*w - 2*w = -v. Give o(w).
2
Suppose 0 = 8*h - 4*h + 4. Let k(n) = -199 - 203 - 6*n**2 + 403. Give k(h).
-5
Suppose -3*h - 8 = 5*i + 1, 2*h + 8 = -4*i. Let d(m) = -4*m**3 + m**2 + m. Let f be d(-1). Let v(y) = 4*y - f*y + 4 - y - y**2. What is v(i)?
-2
Let t(p) = p**2 + 10*p + 6. Let r be t(-10). Let i(x) = -x**3 + 8*x**2 - 12*x - 2. Calculate i(r).
-2
Let m(o) = -o - 3. Let t = 28 - 25. Suppose -2*s - 5 = -h, -5*h + t*s + 6 = -3*h. Calculate m(h).
0
Let o(r) = r + 3. Let j be (-4)/14 - (-58)/7. 